{"id":3088,"date":"2024-04-22T16:00:53","date_gmt":"2024-04-22T19:00:53","guid":{"rendered":"https:\/\/www.sinteata.com.br\/?page_id=3088"},"modified":"2026-04-24T16:54:03","modified_gmt":"2026-04-24T19:54:03","slug":"clinica-da-cidade-campinas-ouro-verde","status":"publish","type":"page","link":"https:\/\/www.sinteata.com.br\/?page_id=3088","title":{"rendered":"Cl\u00ednica da Cidade Campinas &#8211; Ouro Verde"},"content":{"rendered":"\n<p>Rua Charles Miller, 222 &#8211; Ouro Verde, Campinas\/SP<br><br><strong>IMPORTANTE: <\/strong>S\u00f3 ser\u00e1 poss\u00edvel passar em consulta ou exame com a guia em m\u00e3os, sendo que a mesma tem validade de 15 dias. Solicite a guia pelo telefone (11) 92209-9907<\/p>\n\n\n\n<p><strong>Especialidades:<\/strong><\/p>\n\n\n\n<p>\u2022 Cl\u00ednico Geral \u2022 Ginecologista \u2022 Ortopedista \u2022 Oftalmologista \u2022 Urologista \u2022 Endocrinologista \u2022 Pediatra<\/p>\n\n\n\n<p><strong>Exames: <\/strong>Urina \/ Fezes \/ Hemograma \/ Papanicolau<br><br><strong>Marque sua consulta \/ exame: <\/strong>(19) 3766-7200<\/p>\n\n\n\n<p><\/p>\n","protected":false},"excerpt":{"rendered":"<p>Rua Charles Miller, 222 &#8211; Ouro Verde, Campinas\/SP IMPORTANTE: S\u00f3 ser\u00e1 poss\u00edvel passar em consulta ou exame com a guia em m\u00e3os, sendo que a mesma tem validade de 15&hellip;<\/p>\n","protected":false},"author":2,"featured_media":0,"parent":0,"menu_order":0,"comment_status":"closed","ping_status":"closed","template":"","meta":{"content-type":"","footnotes":""},"_links":{"self":[{"href":"https:\/\/www.sinteata.com.br\/index.php?rest_route=\/wp\/v2\/pages\/3088"}],"collection":[{"href":"https:\/\/www.sinteata.com.br\/index.php?rest_route=\/wp\/v2\/pages"}],"about":[{"href":"https:\/\/www.sinteata.com.br\/index.php?rest_route=\/wp\/v2\/types\/page"}],"author":[{"embeddable":true,"href":"https:\/\/www.sinteata.com.br\/index.php?rest_route=\/wp\/v2\/users\/2"}],"replies":[{"embeddable":true,"href":"https:\/\/www.sinteata.com.br\/index.php?rest_route=%2Fwp%2Fv2%2Fcomments&post=3088"}],"version-history":[{"count":3,"href":"https:\/\/www.sinteata.com.br\/index.php?rest_route=\/wp\/v2\/pages\/3088\/revisions"}],"predecessor-version":[{"id":4581,"href":"https:\/\/www.sinteata.com.br\/index.php?rest_route=\/wp\/v2\/pages\/3088\/revisions\/4581"}],"wp:attachment":[{"href":"https:\/\/www.sinteata.com.br\/index.php?rest_route=%2Fwp%2Fv2%2Fmedia&parent=3088"}],"curies":[{"name":"wp","href":"https:\/\/api.w.org\/{rel}","templated":true}]}}