{"id":3527,"date":"2024-04-25T22:18:24","date_gmt":"2024-04-26T01:18:24","guid":{"rendered":"https:\/\/www.sinteata.com.br\/?page_id=3527"},"modified":"2024-04-25T22:18:25","modified_gmt":"2024-04-26T01:18:25","slug":"dr-fharma","status":"publish","type":"page","link":"https:\/\/www.sinteata.com.br\/?page_id=3527","title":{"rendered":"Dr. Fharma"},"content":{"rendered":"\n<p>Rua Armando Renganeschi, 61 &#8211; Horto Shopping Ouro Verde, Campinas\/SP<br><\/p>\n\n\n\n<p>Na Dr. Fharma temos o desconto de 10% em todos os medicamentos e produtos. Est\u00e1 localizada nas depend\u00eancias do Terminal Ouro Verde e tamb\u00e9m na Avenida.<\/p>\n\n\n\n<p>* Importante &#8211; Para obter os descontos, apresente sua carteirinha de associado.<br><br><strong>Telefone:<\/strong> (19) 3266-8915<\/p>\n","protected":false},"excerpt":{"rendered":"<p>Rua Armando Renganeschi, 61 &#8211; Horto Shopping Ouro Verde, Campinas\/SP Na Dr. Fharma temos o desconto de 10% em todos os medicamentos e produtos. Est\u00e1 localizada nas depend\u00eancias do Terminal&hellip;<\/p>\n","protected":false},"author":2,"featured_media":0,"parent":0,"menu_order":0,"comment_status":"closed","ping_status":"closed","template":"","meta":{"content-type":"","footnotes":""},"_links":{"self":[{"href":"https:\/\/www.sinteata.com.br\/index.php?rest_route=\/wp\/v2\/pages\/3527"}],"collection":[{"href":"https:\/\/www.sinteata.com.br\/index.php?rest_route=\/wp\/v2\/pages"}],"about":[{"href":"https:\/\/www.sinteata.com.br\/index.php?rest_route=\/wp\/v2\/types\/page"}],"author":[{"embeddable":true,"href":"https:\/\/www.sinteata.com.br\/index.php?rest_route=\/wp\/v2\/users\/2"}],"replies":[{"embeddable":true,"href":"https:\/\/www.sinteata.com.br\/index.php?rest_route=%2Fwp%2Fv2%2Fcomments&post=3527"}],"version-history":[{"count":1,"href":"https:\/\/www.sinteata.com.br\/index.php?rest_route=\/wp\/v2\/pages\/3527\/revisions"}],"predecessor-version":[{"id":3528,"href":"https:\/\/www.sinteata.com.br\/index.php?rest_route=\/wp\/v2\/pages\/3527\/revisions\/3528"}],"wp:attachment":[{"href":"https:\/\/www.sinteata.com.br\/index.php?rest_route=%2Fwp%2Fv2%2Fmedia&parent=3527"}],"curies":[{"name":"wp","href":"https:\/\/api.w.org\/{rel}","templated":true}]}}