{"id":3535,"date":"2024-04-25T22:27:50","date_gmt":"2024-04-26T01:27:50","guid":{"rendered":"https:\/\/www.sinteata.com.br\/?page_id=3535"},"modified":"2024-04-25T22:27:52","modified_gmt":"2024-04-26T01:27:52","slug":"camarim-estetica","status":"publish","type":"page","link":"https:\/\/www.sinteata.com.br\/?page_id=3535","title":{"rendered":"Camarim Est\u00e9tica"},"content":{"rendered":"\n<p>Av. Sua\u00e7una, 624 b &#8211; Vila Aeroporto, Campinas\/SP<br><\/p>\n\n\n\n<p>Hor\u00e1rio de atendimento: Segunda a sexta-feira, das 8h \u00e0s 21h, e s\u00e1bado, das 8h \u00e0s 14h.<\/p>\n\n\n\n<p>Servi\u00e7os oferecidos com 15% de desconto:<\/p>\n\n\n\n<p><strong>Facial<\/strong><\/p>\n\n\n\n<p>&#8211; Limpeza de Pele &#8211; Depila\u00e7\u00e3o a laser &#8211; Drenagem linf\u00e1tica &#8211; Microagulhamento &#8211; Peeling de diamante &#8211; Radiofrequ\u00eancia &#8211; Hidrata\u00e7\u00e3o profunda<\/p>\n\n\n\n<p><strong>Corporal<\/strong><\/p>\n\n\n\n<p>&#8211; Drenagem linf\u00e1tica &#8211; Massagem modeladora &#8211; Enzimas &#8211; Hidrolipoclasia &#8211; Ultrassom &#8211; Endermoterapia &#8211; Radiofrequ\u00eancia &#8211; Manta t\u00e9rmica &#8211; Depila\u00e7\u00e3o a laser<\/p>\n\n\n\n<p>* Importante: Para ser atendido, apresente sua carteirinha de associado.<\/p>\n\n\n\n<p><\/p>\n\n\n\n<p><strong>Telefone<\/strong> (19) 3032-2564<\/p>\n","protected":false},"excerpt":{"rendered":"<p>Av. Sua\u00e7una, 624 b &#8211; Vila Aeroporto, Campinas\/SP Hor\u00e1rio de atendimento: Segunda a sexta-feira, das 8h \u00e0s 21h, e s\u00e1bado, das 8h \u00e0s 14h. Servi\u00e7os oferecidos com 15% de desconto:&hellip;<\/p>\n","protected":false},"author":2,"featured_media":0,"parent":0,"menu_order":0,"comment_status":"closed","ping_status":"closed","template":"","meta":{"content-type":"","footnotes":""},"_links":{"self":[{"href":"https:\/\/www.sinteata.com.br\/index.php?rest_route=\/wp\/v2\/pages\/3535"}],"collection":[{"href":"https:\/\/www.sinteata.com.br\/index.php?rest_route=\/wp\/v2\/pages"}],"about":[{"href":"https:\/\/www.sinteata.com.br\/index.php?rest_route=\/wp\/v2\/types\/page"}],"author":[{"embeddable":true,"href":"https:\/\/www.sinteata.com.br\/index.php?rest_route=\/wp\/v2\/users\/2"}],"replies":[{"embeddable":true,"href":"https:\/\/www.sinteata.com.br\/index.php?rest_route=%2Fwp%2Fv2%2Fcomments&post=3535"}],"version-history":[{"count":1,"href":"https:\/\/www.sinteata.com.br\/index.php?rest_route=\/wp\/v2\/pages\/3535\/revisions"}],"predecessor-version":[{"id":3536,"href":"https:\/\/www.sinteata.com.br\/index.php?rest_route=\/wp\/v2\/pages\/3535\/revisions\/3536"}],"wp:attachment":[{"href":"https:\/\/www.sinteata.com.br\/index.php?rest_route=%2Fwp%2Fv2%2Fmedia&parent=3535"}],"curies":[{"name":"wp","href":"https:\/\/api.w.org\/{rel}","templated":true}]}}